{"id":883,"date":"2026-03-16T08:30:09","date_gmt":"2026-03-16T07:30:09","guid":{"rendered":"https:\/\/slowfood.22projects.sk\/vyrobca\/keszeg-ildiko-kertje-szivvel-lelekkel-hetenybol\/"},"modified":"2026-03-16T13:54:07","modified_gmt":"2026-03-16T12:54:07","slug":"keszeg-ildiko-kertje-szivvel-lelekkel-hetenybol","status":"publish","type":"vyrobca","link":"https:\/\/nastrhkarva.sk\/hu\/termelo\/keszeg-ildiko-kertje-szivvel-lelekkel-hetenybol\/","title":{"rendered":"Keszeg Ildik\u00f3 kertje, sz\u00edvvel-l\u00e9lekkel Het\u00e9nyb\u0151l"},"content":{"rendered":"\n<p class=\"wp-block-paragraph\">R\u00f3lunk<br>\nKeszeg Ildik\u00f3 csal\u00e1di k\u00e9sz\u00edtm\u00e9nyeinek t\u00f6rt\u00e9nete a f\u00f6ld ir\u00e1nti szeretetb\u0151l sz\u00fcletett a naps\u00fct\u00f6tte, bar\u00e1ts\u00e1gos Het\u00e9nyben. Itt a napos domboldalak \u00e9s a term\u00e9keny talaj ide\u00e1lisak ahhoz, hogy gy\u00fcm\u00f6lcs\u00f6t, sz\u0151l\u0151t \u00e9s gy\u00f3gyn\u00f6v\u00e9nyeket neveljenek. Ami kezdetben csak egy egyszer\u0171 v\u00e1gy volt, hogy a saj\u00e1t csal\u00e1djuknak \u00e9rt\u00e9kesebbet adjanak a bolti, \u201epolcr\u00f3l leemelt&#8221; term\u00e9kekn\u00e9l, id\u0151vel egy illatos, \u00e9l\u0151 \u00e1lomm\u00e1 n\u0151tte ki mag\u00e1t.<\/p>\n\n\n\n<p class=\"wp-block-paragraph\">Het\u00e9nyben gondozz\u00e1k azt a sz\u0151l\u0151skertet, amelyet m\u00e9g Ildik\u00f3 \u00e9desapja \u00fcltetett, a nagymam\u00e1ja kertj\u00e9ben pedig levendul\u00e1t telep\u00edtettek. Ezzel nemcsak sz\u00e9p\u00edteni szerett\u00e9k volna a k\u00f6rnyezetet, hanem \u00e9letben tartani a csal\u00e1di f\u00f6ldet is, hogy tov\u00e1bbra is vir\u00e1gozzon \u00e9s teremjen.<\/p>\n\n\n\n<p class=\"wp-block-paragraph\">Fontos sz\u00e1mukra, hogy a term\u00e9keik tiszt\u00e1k, j\u00f3k \u00e9s korrektek legyenek, \u00f6sszhangban a term\u00e9szettel \u00e9s az ember eg\u00e9szs\u00e9g\u00e9vel. K\u00edm\u00e9letes, h\u00e1zi feldolgoz\u00e1ssal dolgoznak, felesleges vegyszerek n\u00e9lk\u00fcl. A k\u00edn\u00e1latban megtal\u00e1lhat\u00f3k h\u00e1zi dzsemek, sz\u00f6rp\u00f6k, mustok \u00e9s lekv\u00e1rok m\u00e1ln\u00e1b\u00f3l, ribizlib\u0151l, f\u00fcg\u00e9b\u0151l, alm\u00e1b\u00f3l vagy s\u00e1rgabarackb\u00f3l.<\/p>\n\n\n\n<p class=\"wp-block-paragraph\">Ildik\u00f3 kor\u00e1bban nevel\u0151k\u00e9nt dolgozott, 41 \u00e9v tapasztalat\u00e1nak k\u00f6sz\u00f6nhet\u0151en minden \u00fcvegbe beleker\u00fcl egy csipet \u201epedag\u00f3gus t\u00fcrelem&#8221; is. A levendul\u00e1nkb\u00f3l a gyerekekkel \u00f6r\u00f6mmel k\u00e9sz\u00edtettek koszor\u00fakat \u00e9s csokrokat, amelyek egy kis nyugalmat \u00e9s otthonoss\u00e1got visznek b\u00e1rmelyik h\u00e1zba.<\/p>\n\n\n\n<p class=\"wp-block-paragraph\">A legfontosabb elv\u00fck a tisztess\u00e9ges min\u0151s\u00e9g \u00e9s a lehet\u0151 legr\u00f6videbb \u00fat t\u0151l\u00fck egyenesen az asztalokig. B\u00fcszk\u00e9k r\u00e1, hogy azoknak a termel\u0151knek a k\u00f6z\u00f6ss\u00e9g\u00e9hez tartoznak, akikkel a karvai Trh Zeme piac\u00e1n rendszeresen lehet tal\u00e1lkozni.<\/p>\n","protected":false},"excerpt":{"rendered":"<p>R\u00f3lunk Keszeg Ildik\u00f3 csal\u00e1di k\u00e9sz\u00edtm\u00e9nyeinek t\u00f6rt\u00e9nete a f\u00f6ld ir\u00e1nti szeretetb\u0151l sz\u00fcletett a naps\u00fct\u00f6tte, bar\u00e1ts\u00e1gos Het\u00e9nyben. Itt a napos domboldalak \u00e9s a term\u00e9keny talaj ide\u00e1lisak ahhoz, hogy gy\u00fcm\u00f6lcs\u00f6t, sz\u0151l\u0151t \u00e9s gy\u00f3gyn\u00f6v\u00e9nyeket neveljenek. Ami kezdetben csak egy egyszer\u0171 v\u00e1gy volt, hogy a saj\u00e1t csal\u00e1djuknak \u00e9rt\u00e9kesebbet adjanak a bolti, \u201epolcr\u00f3l leemelt&#8221; term\u00e9kekn\u00e9l, id\u0151vel egy illatos, \u00e9l\u0151 \u00e1lomm\u00e1 n\u0151tte [&hellip;]<\/p>\n","protected":false},"featured_media":1066,"template":"","categories":[],"class_list":["post-883","vyrobca","type-vyrobca","status-publish","has-post-thumbnail","hentry"],"acf":[],"_links":{"self":[{"href":"https:\/\/nastrhkarva.sk\/hu\/wp-json\/wp\/v2\/vyrobca\/883","targetHints":{"allow":["GET"]}}],"collection":[{"href":"https:\/\/nastrhkarva.sk\/hu\/wp-json\/wp\/v2\/vyrobca"}],"about":[{"href":"https:\/\/nastrhkarva.sk\/hu\/wp-json\/wp\/v2\/types\/vyrobca"}],"wp:featuredmedia":[{"embeddable":true,"href":"https:\/\/nastrhkarva.sk\/hu\/wp-json\/wp\/v2\/media\/1066"}],"wp:attachment":[{"href":"https:\/\/nastrhkarva.sk\/hu\/wp-json\/wp\/v2\/media?parent=883"}],"wp:term":[{"taxonomy":"category","embeddable":true,"href":"https:\/\/nastrhkarva.sk\/hu\/wp-json\/wp\/v2\/categories?post=883"}],"curies":[{"name":"wp","href":"https:\/\/api.w.org\/{rel}","templated":true}]}}

Keszeg Ildikó kertje, szívvel-lélekkel Hetényből

<p class="wp-block-paragraph">Rólunk<br>
Keszeg Ildikó családi készítményeinek története a föld iránti szeretetből született a napsütötte, barátságos Hetényben. Itt a napos domboldalak és a termékeny talaj ideálisak ahhoz, hogy gyümölcsöt, szőlőt és gyógynövényeket neveljenek. Ami kezdetben csak egy egyszerű vágy volt, hogy a saját családjuknak értékesebbet adjanak a bolti, „polcról leemelt&#8221; termékeknél, idővel egy illatos, élő álommá nőtte ki magát.</p>



<p class="wp-block-paragraph">Hetényben gondozzák azt a szőlőskertet, amelyet még Ildikó édesapja ültetett, a nagymamája kertjében pedig levendulát telepítettek. Ezzel nemcsak szépíteni szerették volna a környezetet, hanem életben tartani a családi földet is, hogy továbbra is virágozzon és teremjen.</p>



<p class="wp-block-paragraph">Fontos számukra, hogy a termékeik tiszták, jók és korrektek legyenek, összhangban a természettel és az ember egészségével. Kíméletes, házi feldolgozással dolgoznak, felesleges vegyszerek nélkül. A kínálatban megtalálhatók házi dzsemek, szörpök, mustok és lekvárok málnából, ribizliből, fügéből, almából vagy sárgabarackból.</p>



<p class="wp-block-paragraph">Ildikó korábban nevelőként dolgozott, 41 év tapasztalatának köszönhetően minden üvegbe belekerül egy csipet „pedagógus türelem&#8221; is. A levendulánkból a gyerekekkel örömmel készítettek koszorúkat és csokrokat, amelyek egy kis nyugalmat és otthonosságot visznek bármelyik házba.</p>



<p class="wp-block-paragraph">A legfontosabb elvük a tisztességes minőség és a lehető legrövidebb út tőlük egyenesen az asztalokig. Büszkék rá, hogy azoknak a termelőknek a közösségéhez tartoznak, akikkel a karvai Trh Zeme piacán rendszeresen lehet találkozni.</p>

<p>Rólunk Keszeg Ildikó családi készítményeinek története a föld iránti szeretetből született a napsütötte, barátságos Hetényben. Itt a napos domboldalak és a termékeny talaj ideálisak ahhoz, hogy gyümölcsöt, szőlőt és gyógynövényeket neveljenek. Ami kezdetben csak egy egyszerű vágy volt, hogy a saját családjuknak értékesebbet adjanak a bolti, „polcról leemelt&#8221; termékeknél, idővel egy illatos, élő álommá nőtte [&hellip;]</p>
