{"id":878,"date":"2026-03-16T08:28:39","date_gmt":"2026-03-16T07:28:39","guid":{"rendered":"https:\/\/slowfood.22projects.sk\/vyrobca\/bobulkovo-2\/"},"modified":"2026-03-16T13:52:35","modified_gmt":"2026-03-16T12:52:35","slug":"bobulkovo-2","status":"publish","type":"vyrobca","link":"https:\/\/nastrhkarva.sk\/hu\/termelo\/bobulkovo-2\/","title":{"rendered":"Bobu\u013ekovo"},"content":{"rendered":"\n<p class=\"wp-block-paragraph\">R\u00f3lunk<br>\nA Bobu\u013ekovo csal\u00e1di gazdas\u00e1g \u00dajgyall\u00e1n (Dulovce), ahol a vid\u00e9ki nyugalom \u00e9s a term\u00e9szet k\u00f6zels\u00e9ge adja meg a term\u0151hely hangulat\u00e1t. A k\u00f6rny\u00e9k tiszta mez\u0151i, r\u00e9tjei \u00e9s z\u00f6ldje ide\u00e1lis felt\u00e9teleket teremtenek ahhoz, hogy olyan gy\u00fcm\u00f6lcs\u00f6k \u00e9rjenek, amelyek illatban \u00e9s \u00edzben is gazdagok.<\/p>\n\n\n\n<p class=\"wp-block-paragraph\">Legink\u00e1bb \u00e1fonya \u00e9s eper tal\u00e1lhat\u00f3 meg: n\u00e1luk a bogy\u00f3k term\u00e9szetesen, a napon \u00e9rnek be, mik\u00f6zben a talaj \u00e9s a n\u00f6v\u00e9nyek gondoz\u00e1s\u00e1ra is nagy figyelmet ford\u00edtanak. Emellett m\u00e1lna is terem, \u00e9s gy\u00fcm\u00f6lcsf\u00e1ik is vannak, \u00edgy a friss gy\u00fcm\u00f6lcs\u00f6k kedvel\u0151i t\u00f6bbf\u00e9le finoms\u00e1g k\u00f6z\u00fcl v\u00e1laszthatnak.<\/p>\n\n\n\n<p class=\"wp-block-paragraph\">A c\u00e9ljuk egyszer\u0171: helyben megtermelt, min\u0151s\u00e9gi gy\u00fcm\u00f6lcs\u00f6t adni k\u00f6zvetlen\u00fcl a farmr\u00f3l. Olyat, amit j\u00f3 sz\u00edvvel viszel haza, \u00e9s amihez sz\u00edvesen visszat\u00e9rsz.<\/p>\n","protected":false},"excerpt":{"rendered":"<p>R\u00f3lunk A Bobu\u013ekovo csal\u00e1di gazdas\u00e1g \u00dajgyall\u00e1n (Dulovce), ahol a vid\u00e9ki nyugalom \u00e9s a term\u00e9szet k\u00f6zels\u00e9ge adja meg a term\u0151hely hangulat\u00e1t. A k\u00f6rny\u00e9k tiszta mez\u0151i, r\u00e9tjei \u00e9s z\u00f6ldje ide\u00e1lis felt\u00e9teleket teremtenek ahhoz, hogy olyan gy\u00fcm\u00f6lcs\u00f6k \u00e9rjenek, amelyek illatban \u00e9s \u00edzben is gazdagok. Legink\u00e1bb \u00e1fonya \u00e9s eper tal\u00e1lhat\u00f3 meg: n\u00e1luk a bogy\u00f3k term\u00e9szetesen, a napon \u00e9rnek be, [&hellip;]<\/p>\n","protected":false},"featured_media":1072,"template":"","categories":[],"class_list":["post-878","vyrobca","type-vyrobca","status-publish","has-post-thumbnail","hentry"],"acf":[],"_links":{"self":[{"href":"https:\/\/nastrhkarva.sk\/hu\/wp-json\/wp\/v2\/vyrobca\/878","targetHints":{"allow":["GET"]}}],"collection":[{"href":"https:\/\/nastrhkarva.sk\/hu\/wp-json\/wp\/v2\/vyrobca"}],"about":[{"href":"https:\/\/nastrhkarva.sk\/hu\/wp-json\/wp\/v2\/types\/vyrobca"}],"wp:featuredmedia":[{"embeddable":true,"href":"https:\/\/nastrhkarva.sk\/hu\/wp-json\/wp\/v2\/media\/1072"}],"wp:attachment":[{"href":"https:\/\/nastrhkarva.sk\/hu\/wp-json\/wp\/v2\/media?parent=878"}],"wp:term":[{"taxonomy":"category","embeddable":true,"href":"https:\/\/nastrhkarva.sk\/hu\/wp-json\/wp\/v2\/categories?post=878"}],"curies":[{"name":"wp","href":"https:\/\/api.w.org\/{rel}","templated":true}]}}

Bobuľkovo

<p class="wp-block-paragraph">Rólunk<br>
A Bobuľkovo családi gazdaság Újgyallán (Dulovce), ahol a vidéki nyugalom és a természet közelsége adja meg a termőhely hangulatát. A környék tiszta mezői, rétjei és zöldje ideális feltételeket teremtenek ahhoz, hogy olyan gyümölcsök érjenek, amelyek illatban és ízben is gazdagok.</p>



<p class="wp-block-paragraph">Leginkább áfonya és eper található meg: náluk a bogyók természetesen, a napon érnek be, miközben a talaj és a növények gondozására is nagy figyelmet fordítanak. Emellett málna is terem, és gyümölcsfáik is vannak, így a friss gyümölcsök kedvelői többféle finomság közül választhatnak.</p>



<p class="wp-block-paragraph">A céljuk egyszerű: helyben megtermelt, minőségi gyümölcsöt adni közvetlenül a farmról. Olyat, amit jó szívvel viszel haza, és amihez szívesen visszatérsz.</p>

<p>Rólunk A Bobuľkovo családi gazdaság Újgyallán (Dulovce), ahol a vidéki nyugalom és a természet közelsége adja meg a termőhely hangulatát. A környék tiszta mezői, rétjei és zöldje ideális feltételeket teremtenek ahhoz, hogy olyan gyümölcsök érjenek, amelyek illatban és ízben is gazdagok. Leginkább áfonya és eper található meg: náluk a bogyók természetesen, a napon érnek be, [&hellip;]</p>
