{"id":876,"date":"2026-03-16T08:28:11","date_gmt":"2026-03-16T07:28:11","guid":{"rendered":"https:\/\/slowfood.22projects.sk\/vyrobca\/af-manufaktura-2\/"},"modified":"2026-03-16T13:52:07","modified_gmt":"2026-03-16T12:52:07","slug":"af-manufaktura-2","status":"publish","type":"vyrobca","link":"https:\/\/nastrhkarva.sk\/hu\/termelo\/af-manufaktura-2\/","title":{"rendered":"AF Manufakt\u00fara"},"content":{"rendered":"\n<p class=\"wp-block-paragraph\">R\u00f3lunk<br>\nAz AF Manufakt\u00fara egy igazi csal\u00e1di t\u00f6rt\u00e9net: Duka Ferenc \u00e9s Finta Adrienn Karv\u00e1n dolgozz\u00e1k fel nagy szeretettel mindazt, ami a saj\u00e1t kertj\u00fckben megterem. N\u00e1luk a gy\u00fcm\u00f6lcs \u00e9s a z\u00f6lds\u00e9g a maga temp\u00f3j\u00e1ban \u00e9rik be, vegyszerek \u00e9s felesleges beavatkoz\u00e1sok n\u00e9lk\u00fcl. Pont \u00fagy, ahogy annak lennie kell.<\/p>\n\n\n\n<p class=\"wp-block-paragraph\">A munk\u00e1juk alapja a tiszta, j\u00f3 \u00e9s korrekt \u00e9tel. Nincsenek hozz\u00e1adott tart\u00f3s\u00edt\u00f3szerek, csak alapanyag, odafigyel\u00e9s \u00e9s tisztelet a term\u00e9szet ir\u00e1nt. Minden \u00fcveg, palack \u00e9s kis k\u00f3stol\u00f3poh\u00e1r m\u00f6g\u00f6tt ott van a t\u00fcrelem, a szezonalit\u00e1s \u00e9s az a bizonyos \u201ehazaviszem ezt az \u00edzt&#8221; \u00e9rz\u00e9s.<\/p>\n\n\n\n<p class=\"wp-block-paragraph\">Az AF Manufakt\u00far\u00e1ban olyan finoms\u00e1gok k\u00e9sz\u00fclnek, amelyek egyszerre \u0151rzik a hagyom\u00e1nyt \u00e9s k\u00f6zben mernek \u00faj kombin\u00e1ci\u00f3kat is kipr\u00f3b\u00e1lni. Egy dolog viszont mindig k\u00f6z\u00f6s: a min\u0151s\u00e9g \u00e9s az egyszer\u0171s\u00e9g.<\/p>\n\n\n\n<p class=\"wp-block-paragraph\">Mit tal\u00e1lsz n\u00e1luk<\/p>\n\n\n\n<p class=\"wp-block-paragraph\">Zakuszka: hagyom\u00e1nyos paprik\u00e1s-padlizs\u00e1nos kr\u00e9m 3 v\u00e1ltozatban<\/p>\n\n\n\n<p class=\"wp-block-paragraph\">Z\u00f6ld di\u00f3: k\u00fcl\u00f6nleges komp\u00f3tnak \u00e9s lekv\u00e1rnak is<\/p>\n\n\n\n<p class=\"wp-block-paragraph\">H\u00e1zi lekv\u00e1rok: \u00e1fony\u00e1b\u00f3l, feketeribizlib\u0151l, \u0151szibarackb\u00f3l, bodz\u00e1b\u00f3l, szederb\u0151l, s\u00e1rgabarackb\u00f3l vagy sz\u0151l\u0151b\u0151l, tart\u00f3s\u00edt\u00f3szer n\u00e9lk\u00fcl<\/p>\n\n\n\n<p class=\"wp-block-paragraph\">Gy\u00fcm\u00f6lcsborok: eper-, \u00e1fonya-, szilva-, k\u00f6rte-, meggy-, homokt\u00f6vis-, ak\u00e1cvir\u00e1g-bor \u00e9s m\u00e9g t\u00f6bb<\/p>\n\n\n\n<p class=\"wp-block-paragraph\">K\u00e9zzel k\u00e9sz\u00edtett sz\u00f6rp\u00f6k: meggy, homokt\u00f6vis, piros ribizli, pitypang, h\u00e1rs, ak\u00e1cvir\u00e1g, levendula, csipkebogy\u00f3<\/p>\n\n\n\n<p class=\"wp-block-paragraph\">Eg\u00e9szs\u00e9ges kieg\u00e9sz\u00edt\u0151k: homokt\u00f6vis tea \u00e9s vitaminos por<\/p>\n\n\n\n<p class=\"wp-block-paragraph\">A Slow Food Trh Zeme Karva piac\u00e1n szem\u00e9lyesen is tal\u00e1lkozhatsz vel\u00fck, ahol mes\u00e9lnek t\u00f6rt\u00e9net\u00fckr\u0151l \u00e9s egy kis k\u00f3stol\u00f3t is visznek magukkal.<\/p>\n","protected":false},"excerpt":{"rendered":"<p>R\u00f3lunk Az AF Manufakt\u00fara egy igazi csal\u00e1di t\u00f6rt\u00e9net: Duka Ferenc \u00e9s Finta Adrienn Karv\u00e1n dolgozz\u00e1k fel nagy szeretettel mindazt, ami a saj\u00e1t kertj\u00fckben megterem. N\u00e1luk a gy\u00fcm\u00f6lcs \u00e9s a z\u00f6lds\u00e9g a maga temp\u00f3j\u00e1ban \u00e9rik be, vegyszerek \u00e9s felesleges beavatkoz\u00e1sok n\u00e9lk\u00fcl. Pont \u00fagy, ahogy annak lennie kell. A munk\u00e1juk alapja a tiszta, j\u00f3 \u00e9s korrekt \u00e9tel. [&hellip;]<\/p>\n","protected":false},"featured_media":1070,"template":"","categories":[],"class_list":["post-876","vyrobca","type-vyrobca","status-publish","has-post-thumbnail","hentry"],"acf":[],"_links":{"self":[{"href":"https:\/\/nastrhkarva.sk\/hu\/wp-json\/wp\/v2\/vyrobca\/876","targetHints":{"allow":["GET"]}}],"collection":[{"href":"https:\/\/nastrhkarva.sk\/hu\/wp-json\/wp\/v2\/vyrobca"}],"about":[{"href":"https:\/\/nastrhkarva.sk\/hu\/wp-json\/wp\/v2\/types\/vyrobca"}],"wp:featuredmedia":[{"embeddable":true,"href":"https:\/\/nastrhkarva.sk\/hu\/wp-json\/wp\/v2\/media\/1070"}],"wp:attachment":[{"href":"https:\/\/nastrhkarva.sk\/hu\/wp-json\/wp\/v2\/media?parent=876"}],"wp:term":[{"taxonomy":"category","embeddable":true,"href":"https:\/\/nastrhkarva.sk\/hu\/wp-json\/wp\/v2\/categories?post=876"}],"curies":[{"name":"wp","href":"https:\/\/api.w.org\/{rel}","templated":true}]}}

AF Manufaktúra

<p class="wp-block-paragraph">Rólunk<br>
Az AF Manufaktúra egy igazi családi történet: Duka Ferenc és Finta Adrienn Karván dolgozzák fel nagy szeretettel mindazt, ami a saját kertjükben megterem. Náluk a gyümölcs és a zöldség a maga tempójában érik be, vegyszerek és felesleges beavatkozások nélkül. Pont úgy, ahogy annak lennie kell.</p>



<p class="wp-block-paragraph">A munkájuk alapja a tiszta, jó és korrekt étel. Nincsenek hozzáadott tartósítószerek, csak alapanyag, odafigyelés és tisztelet a természet iránt. Minden üveg, palack és kis kóstolópohár mögött ott van a türelem, a szezonalitás és az a bizonyos „hazaviszem ezt az ízt&#8221; érzés.</p>



<p class="wp-block-paragraph">Az AF Manufaktúrában olyan finomságok készülnek, amelyek egyszerre őrzik a hagyományt és közben mernek új kombinációkat is kipróbálni. Egy dolog viszont mindig közös: a minőség és az egyszerűség.</p>



<p class="wp-block-paragraph">Mit találsz náluk</p>



<p class="wp-block-paragraph">Zakuszka: hagyományos paprikás-padlizsános krém 3 változatban</p>



<p class="wp-block-paragraph">Zöld dió: különleges kompótnak és lekvárnak is</p>



<p class="wp-block-paragraph">Házi lekvárok: áfonyából, feketeribizliből, őszibarackból, bodzából, szederből, sárgabarackból vagy szőlőből, tartósítószer nélkül</p>



<p class="wp-block-paragraph">Gyümölcsborok: eper-, áfonya-, szilva-, körte-, meggy-, homoktövis-, akácvirág-bor és még több</p>



<p class="wp-block-paragraph">Kézzel készített szörpök: meggy, homoktövis, piros ribizli, pitypang, hárs, akácvirág, levendula, csipkebogyó</p>



<p class="wp-block-paragraph">Egészséges kiegészítők: homoktövis tea és vitaminos por</p>



<p class="wp-block-paragraph">A Slow Food Trh Zeme Karva piacán személyesen is találkozhatsz velük, ahol mesélnek történetükről és egy kis kóstolót is visznek magukkal.</p>

<p>Rólunk Az AF Manufaktúra egy igazi családi történet: Duka Ferenc és Finta Adrienn Karván dolgozzák fel nagy szeretettel mindazt, ami a saját kertjükben megterem. Náluk a gyümölcs és a zöldség a maga tempójában érik be, vegyszerek és felesleges beavatkozások nélkül. Pont úgy, ahogy annak lennie kell. A munkájuk alapja a tiszta, jó és korrekt étel. [&hellip;]</p>
